{"version":"1.0","provider_name":"Radio Cultura","provider_url":"https:\/\/fmradiocultura.com.ar\/site2025","title":"Dos papas en Buenos Aires &#8211; Radio Cultura","type":"rich","width":600,"height":338,"html":"<blockquote class=\"wp-embedded-content\" data-secret=\"aEwm2GjpdZ\"><a href=\"https:\/\/fmradiocultura.com.ar\/site2025\/dos-papas-en-buenos-aires\/\">Dos papas en Buenos Aires<\/a><\/blockquote><iframe sandbox=\"allow-scripts\" security=\"restricted\" src=\"https:\/\/fmradiocultura.com.ar\/site2025\/dos-papas-en-buenos-aires\/embed\/#?secret=aEwm2GjpdZ\" width=\"600\" height=\"338\" title=\"\u00abDos papas en Buenos Aires\u00bb \u2014 Radio Cultura\" data-secret=\"aEwm2GjpdZ\" frameborder=\"0\" marginwidth=\"0\" marginheight=\"0\" scrolling=\"no\" class=\"wp-embedded-content\"><\/iframe><script type=\"text\/javascript\">\n\/* <![CDATA[ *\/\n\/*! This file is auto-generated *\/\n!function(d,l){\"use strict\";l.querySelector&&d.addEventListener&&\"undefined\"!=typeof URL&&(d.wp=d.wp||{},d.wp.receiveEmbedMessage||(d.wp.receiveEmbedMessage=function(e){var t=e.data;if((t||t.secret||t.message||t.value)&&!\/[^a-zA-Z0-9]\/.test(t.secret)){for(var s,r,n,a=l.querySelectorAll('iframe[data-secret=\"'+t.secret+'\"]'),o=l.querySelectorAll('blockquote[data-secret=\"'+t.secret+'\"]'),c=new RegExp(\"^https?:$\",\"i\"),i=0;i<o.length;i++)o[i].style.display=\"none\";for(i=0;i<a.length;i++)s=a[i],e.source===s.contentWindow&&(s.removeAttribute(\"style\"),\"height\"===t.message?(1e3<(r=parseInt(t.value,10))?r=1e3:~~r<200&&(r=200),s.height=r):\"link\"===t.message&&(r=new URL(s.getAttribute(\"src\")),n=new URL(t.value),c.test(n.protocol))&&n.host===r.host&&l.activeElement===s&&(d.top.location.href=t.value))}},d.addEventListener(\"message\",d.wp.receiveEmbedMessage,!1),l.addEventListener(\"DOMContentLoaded\",function(){for(var e,t,s=l.querySelectorAll(\"iframe.wp-embedded-content\"),r=0;r<s.length;r++)(t=(e=s[r]).getAttribute(\"data-secret\"))||(t=Math.random().toString(36).substring(2,12),e.src+=\"#?secret=\"+t,e.setAttribute(\"data-secret\",t)),e.contentWindow.postMessage({message:\"ready\",secret:t},\"*\")},!1)))}(window,document);\n\/\/# sourceURL=https:\/\/fmradiocultura.com.ar\/site2025\/wp-includes\/js\/wp-embed.min.js\n\/* ]]> *\/\n<\/script>\n","thumbnail_url":"https:\/\/fmradiocultura.com.ar\/site2025\/wp-content\/uploads\/2025\/05\/900-0-1746440044xscreenshot-45-643.webp","thumbnail_width":860,"thumbnail_height":516,"description":"En el a\u00f1o 2006 Jorge Mario Bergoglio (Francisco 2013\/2025), en ese momento Arzobispo de Buenos Aires, junto a Robert Francis Prevost (Le\u00f3n XIV) Prior General de la Orden de los Agustinos en esos d\u00edas, oficiando una misa en el Colegio San Agust\u00edn ubicado en la calle Ag\u00fcero al 2300 en el barrio de Recoleta de"}

En el año 2006 Jorge Mario Bergoglio (Francisco 2013/2025), en ese momento Arzobispo de Buenos Aires, junto a Robert Francis Prevost (León XIV) Prior General de la Orden de los Agustinos en esos días, oficiando una misa en el Colegio San Agustín ubicado en la calle Agüero al 2300 en el barrio de Recoleta de
